at is the units digit of h?
6
What is the tens digit of 1/(60/24) + (-2226)/(-10)?
2
Let a = -1893 + 2677. Suppose 0 = -15*h + a + 611. What is the units digit of h?
3
Suppose -15*c + 12*c - 4*x = -1586, 5*x + 1088 = 2*c. What is the hundreds digit of c?
5
Suppose -f = 479 + 37. Let g = f - -737. What is the hundreds digit of g?
2
Suppose 4 = 4*o, 0 = 2*t - 0*t - 2*o + 1038. What is the hundreds digit of t/(-2) + 5 + (-3)/1?
2
Suppose 3*z + 6 = -6. Let w be (9/(-6))/(2/z). What is the tens digit of (140 - -1)/w*1?
4
Let v be ((-16)/(-6))/(3966/(-3978) - -1). What is the units digit of (-3)/(-2)*v/51?
6
Suppose -5*m = -5*c + 20, 5 = 2*c - 2*m + 3*m. Suppose -c*x + 29 = -34. What is the units digit of x?
1
Let w be (-4)/(-20) - 2/10. Let z = w + 17. What is the units digit of z?
7
Let x(y) = -y**3 - 2*y. Let r be x(0). Suppose 2*o + 5*m - 37 = r, 9 = 4*o - 0*o - 3*m. Let n = o + 12. What is the tens digit of n?
1
Let w = 27 + 47. Suppose -w = -b + 108. What is the hundreds digit of b?
1
Suppose 0 = -2*v + 2059 - 523. Suppose -v - 207 = -3*s. What is the units digit of s?
5
Let q = 9 + -5. Let p be q/14 - 6677/(-77). What is the units digit of p*(3 - (-32)/(-12))?
9
Suppose -4*i + 4*g = -752, -10*g + 8*g + 544 = 3*i. What is the hundreds digit of i?
1
Suppose -4*f = 2*r - 130, -96*f + 3*r + 135 = -91*f. Let w = -67 - -103. Let n = w - f. What is the units digit of n?
6
What is the tens digit of 4 + (-1944)/(-5 + 1) + 2?
9
Let l(m) = -1. Let y(k) = k + 1. Let j(q) = -2*l(q) - y(q). Let c be j(-3). Suppose -c*n = a - 57, -2*n + 13 = -2*a + 107. What is the tens digit of a?
4
Suppose 12*d + 1104 = 16*d. What is the tens digit of d?
7
Let s(x) = 672*x + 102. What is the hundreds digit of s(2)?
4
Suppose 0 = l + 3*j - 164, 144 = 8*l - 7*l - 2*j. What is the units digit of l?
2
Let o(i) = 16*i**2 - 35*i. Let v(y) = 3*y**2 - 7*y. Let l(g) = -2*o(g) + 11*v(g). Let c be l(7). What is the units digit of ((-3)/3 - c)*-7?
7
Suppose 0 = 3*x + 4*y + 10, -9*x + 5*x + y + 12 = 0. Suppose -u - 3*h + 52 = 0, x*h - 374 = -4*u - 146. What is the units digit of u?
8
Suppose 4*x = -2*q + 406, -7*q = -8*q - 5*x + 197. What is the tens digit of q?
0
Suppose 0 = 2*a - 3*d - 108, 0 = 2*a - 6*a - 4*d + 216. Let j = 244 - a. Suppose 4*u - j = -3*q, 2*q - 134 = 5*u - 38. What is the tens digit of q?
5
Let c(l) = 3*l + 16. Let y be c(-4). Suppose 5*d - 760 = r + 3*r, -599 = -y*d + 5*r. What is the hundreds digit of d?
1
Suppose -36*z + 2301 = -68223. What is the tens digit of z?
5
Suppose 42*y = 39*y + 1218. What is the units digit of y?
6
Let g(u) = -334*u - 142. What is the units digit of g(-10)?
8
Let z(r) be the second derivative of -10*r**3/3 - 6*r**2 - 4*r. Let k be z(-9). What is the tens digit of k/6*(-9)/(-12)?
2
What is the thousands digit of (-19)/(-19)*(-3 - -1526)?
1
Let a(w) = w**3 + 9*w**2 + 7*w - 38. What is the tens digit of a(4)?
9
Let o(r) = -2*r**3 + 9*r**2 + 14*r - 10. Let s(q) = q + 44*q**3 + q**2 - 43*q**3 - 2*q. Let g(i) = -o(i) - 3*s(i). What is the units digit of g(-11)?
0
Let v = 84 + -50. Let s = v + 53. What is the units digit of s?
7
Suppose 1 = -4*z - 11. Let c = z + 7. Let s(n) = -n**3 + 5*n**2 + 2*n - 2. What is the units digit of s(c)?
2
Suppose 2*g - 5*g = 0. Suppose -2*q + r - 208 = g, -20 = q - 5*r + 75. What is the tens digit of (q/(-28))/((-1)/(-8))?
3
Suppose 2 = -2*w, -2*o = -3*w + 12 + 57. Let z = 6 - o. What is the units digit of z?
2
Let d be ((-4)/(-6))/(4/(-942)). Let l = 230 + d. What is the tens digit of l?
7
Let l(h) = -4 - 22*h**2 - 3*h - h**3 + 2*h + 14*h**2. Let i be l(-8). Suppose -i*o = 5*n - 107, 0 = -n - 0*n + 2*o + 27. What is the units digit of n?
3
Suppose -j - 4*j + 0*j = 0. Suppose j = -c + 4*k + 28, -84 + 27 = -3*c + 3*k. What is the units digit of c?
6
Suppose -v + 10 = 6. Suppose 3*t = v + 14. What is the units digit of t?
6
Suppose c + 2*c - 12 = 0. Suppose c*t = 7 + 1. What is the units digit of ((-8)/2 + 6)*t?
4
Suppose 11*t + 3387 = 21966. What is the hundreds digit of t?
6
Let f(a) = -a**3 + 12*a**2 + 4*a + 11. What is the units digit of f(-8)?
9
Let t be (6 + 63/(-14))/(6/(-400)). Let w = 173 + t. What is the tens digit of w?
7
Suppose 2*u = 4*u. Suppose 3*s = -y + 186, 0*s - 2*s + 8 = u. What is the units digit of y?
4
Let p(o) = 2*o - 1. Let s be p(4). Suppose 5*i = s*i - 22. What is the tens digit of i?
1
Let i(l) = -17*l**3 - 3*l**2 + 4*l + 15. What is the hundreds digit of i(-3)?
4
Let r be (0 + 116)*2/4. Suppose -v + 8*v = -287. Let a = r + v. What is the tens digit of a?
1
Let n(i) = -i**3 + 17*i**2 - 13*i - 26. What is the tens digit of n(11)?
5
Let c = 9 + -10. Let h be 57/((c + 3)/(-2)). Let m = -31 - h. What is the tens digit of m?
2
Suppose 0*m - 25179 = -21*m. What is the hundreds digit of m?
1
Let w be 8/32 - (-402)/(-8). Suppose -44 = 2*h - 2*z, -2*h + 4*z = z + 41. Let a = h - w. What is the tens digit of a?
2
Suppose 13*o = -0*o - 13. Suppose -3*g + 4*g = 12. Let i = o + g. What is the units digit of i?
1
Let r = -68 + 1017. What is the hundreds digit of r?
9
Suppose 0 = -9*v + 598 + 6278. What is the units digit of v?
4
Suppose 2703 - 15051 = -7*f. What is the hundreds digit of f?
7
Let p = -11 + 11. Suppose p = -0*l - l. Let z(x) = -x**2 + 2. What is the units digit of z(l)?
2
Let o(y) = 15*y**2 + 3*y - 55. What is the hundreds digit of o(7)?
7
Suppose -4*b - b + 200 = 0. Suppose 189 - 49 = 5*m. Let c = b - m. What is the tens digit of c?
1
Suppose 6*p = 10*p + 168. What is the units digit of 25/(-3)*p/14?
5
Let x(i) = -354*i - 11. What is the tens digit of x(-2)?
9
Let u(f) = 4*f**3 - 5*f + 2. Let s(z) = 5*z**3 + z**2 - 5*z + 2. Let t(c) = 3*s(c) - 4*u(c). Let i be t(5). Let m = 38 + i. What is the tens digit of m?
1
What is the thousands digit of 2919/278*3504/7?
5
Let b(r) = 3*r - 2. Let t be b(4). What is the tens digit of (-4)/t - 411/(-15)?
2
Suppose 0 = -5*v + 6*v + 5. Let a = 0 - v. What is the tens digit of 157/a - (-15)/25?
3
Let j be (6/4)/((-3)/(-8)). Let c be 3/(-1*(-3)/j). What is the units digit of ((-60)/(-21))/(c/14)?
0
Let y(g) = 2*g**3 - 4*g**2 - 11*g - 35. What is the hundreds digit of y(10)?
4
Suppose -3*i - 164 = -i. What is the units digit of i/(-3) + (-44)/(-66)?
8
Let y = 19 - 38. Let w = -24 - y. Let s = w + 17. What is the units digit of s?
2
What is the hundreds digit of (-2360)/14*294/(-84)?
5
Suppose 0 = -0*f - 3*f. Suppose 5*u - 3*w - 210 = u, f = -w - 2. What is the units digit of u?
1
Let j be (-10)/(-35) + 464/14*-2. Let s = j + 116. What is the tens digit of s?
5
Let u = 1629 + -419. What is the thousands digit of u?
1
Let z(o) = 2*o**2 - 5*o - 30. Suppose -15*l + 17*l = 20. What is the units digit of z(l)?
0
Suppose 10 = -2*a - 0*a + 4*w, -4 = a - 3*w. Let n = 9 + a. Suppose -n*h + 2*b = -3 - 5, 3*h + 5*b = 52. What is the units digit of h?
9
Suppose -3027 = -19*z + 19336. What is the hundreds digit of z?
1
Suppose 7 = w + 4. Suppose c + 0*c + a = 6, 5*a = 4*c + w. What is the units digit of -3 - 0 - -13 - c?
7
Let j(o) = 11*o + 8. Let h(w) = 12*w + 9. Let p(n) = 5*h(n) - 6*j(n). What is the tens digit of p(-8)?
4
Suppose 3*h + 1345 - 5293 = 0. What is the hundreds digit of h?
3
Let y = 374 - 166. What is the units digit of y?
8
Let n(i) = 2*i**2 - 4*i - 1. Let y be n(3). Suppose -y*p + 9 + 26 = 0. What is the units digit of p?
7
Let j(w) be the first derivative of w**4/4 + 10*w**3/3 + 9*w**2/2 + 12. What is the tens digit of j(-8)?
5
Let r(j) = 17*j**3 - 4 + 9 - 12*j**3 - 7*j - 11*j**2 - 7*j**3. What is the tens digit of r(-7)?
0
Let s(i) = -i**2 + 5*i + 24. Let w be s(8). Suppose -3*a + 0*c + 517 = c, w = 3*a + 4*c - 520. What is the units digit of a?
2
Let z = -127 - -64. Let v = -95 - z. Let x = 45 + v. What is the units digit of x?
3
Let a be 0/((4 + -5)*4). Suppose 5*p = 25, 14 + 33 = h - p. Suppose a = -n - n + h. What is the units digit of n?
6
Let m = 22 - 23. Let c be m/(-4) - 324/(-48). What is the units digit of c/1 + (7 - 4)?
0
What is the hundreds digit of 1/3 + 5460/9?
6
Let y = 98 + -55. Suppose -5*i + 3*u = -244 + 69, i + u - y = 0. What is the units digit of i?
8
Let d(w) = -3*w + 15. Let t be d(7). Let n = -4 - t. What is the tens digit of (-1)/(147/(-72) + n)?
2
Let g = -3 - -14. Let j = 14 - g. What is the units digit of (j - 2